r of 9063 and 4107553?
1007
Calculate the highest common divisor of 9095570 and 1936.
242
What is the highest common factor of 20888848 and 3620?
724
What is the highest common factor of 105713189 and 92497?
5441
Calculate the highest common factor of 14001 and 24258.
39
What is the greatest common divisor of 2645726 and 25298?
278
What is the greatest common factor of 1298093328 and 588?
84
Calculate the highest common factor of 622 and 26037542.
622
Calculate the greatest common divisor of 96761 and 41653.
23
What is the highest common divisor of 4941330 and 38?
38
Calculate the highest common factor of 8 and 49466168.
8
Calculate the highest common factor of 1015747340 and 4924.
4924
Calculate the greatest common divisor of 2717 and 37513619.
2717
What is the greatest common factor of 18458630 and 8755?
515
Calculate the highest common factor of 4290 and 7465770.
390
Calculate the greatest common divisor of 54520 and 7244815.
235
Calculate the greatest common factor of 827755634 and 1077.
359
What is the highest common factor of 1540 and 412724620?
1540
What is the greatest common divisor of 4292 and 22543730?
2146
What is the highest common factor of 11310 and 1745133?
1131
What is the highest common factor of 69 and 3244083?
3
Calculate the greatest common divisor of 2625624 and 1152.
72
Calculate the highest common divisor of 99550321 and 325.
13
Calculate the greatest common factor of 135 and 3836619.
27
What is the highest common factor of 256 and 4636568?
8
What is the greatest common factor of 26528056 and 484?
4
Calculate the greatest common divisor of 94 and 21878782.
94
Calculate the greatest common factor of 607 and 25329503.
607
What is the highest common factor of 1070955 and 405?
135
Calculate the greatest common divisor of 2754 and 68856936.
102
What is the greatest common factor of 584449 and 840021?
181
Calculate the greatest common factor of 26543961 and 5481.
261
What is the highest common factor of 1036865 and 145?
5
What is the greatest common factor of 28140881 and 931?
19
What is the highest common divisor of 651 and 29001?
21
Calculate the highest common factor of 94 and 425730418.
94
Calculate the highest common factor of 16794968 and 1552.
776
What is the highest common divisor of 363220 and 50380?
220
What is the highest common factor of 296074710 and 288?
18
Calculate the greatest common factor of 2406 and 1458774.
6
Calculate the greatest common factor of 4439 and 10085794.
193
Calculate the highest common factor of 2587 and 40889923.
199
What is the highest common factor of 1283896 and 27838?
62
What is the highest common divisor of 719366 and 65762?
502
Calculate the highest common divisor of 45 and 30666420.
45
Calculate the highest common divisor of 341 and 1160671.
31
Calculate the greatest common factor of 1741 and 399909441.
1741
What is the greatest common divisor of 93 and 490270673?
31
Calculate the highest common divisor of 58590608 and 48.
16
What is the greatest common divisor of 47 and 78278?
1
What is the highest common factor of 99378576 and 792?
792
What is the greatest common factor of 6641946 and 3807?
1269
Calculate the greatest common divisor of 3105 and 2408675.
115
What is the greatest common divisor of 16978 and 193921?
13
What is the highest common factor of 291214 and 571082?
3782
Calculate the greatest common divisor of 477 and 6974217.
477
Calculate the greatest common factor of 658 and 611786.
14
What is the greatest common divisor of 117742595 and 685?
685
Calculate the highest common divisor of 7245355 and 1872.
13
Calculate the highest common factor of 1284642 and 290.
58
Calculate the highest common factor of 565607 and 686.
343
What is the greatest common factor of 2967250 and 143?
143
What is the greatest common factor of 1136 and 3850472?
568
Calculate the highest common divisor of 24805 and 1670405.
605
What is the greatest common divisor of 134077657 and 357?
119
What is the greatest common factor of 203 and 10407143?
29
What is the highest common divisor of 61507959 and 38?
19
What is the highest common factor of 972 and 93263886?
486
Calculate the highest common factor of 13 and 3272774.
1
What is the greatest common divisor of 189934653 and 37?
37
What is the greatest common divisor of 36036 and 266723028?
5148
What is the greatest common factor of 185244694 and 14106?
4702
Calculate the greatest common divisor of 29716 and 269836.
92
What is the highest common divisor of 62418928 and 2288?
2288
Calculate the highest common divisor of 267393 and 182378.
49
What is the highest common factor of 5101622163 and 11?
11
What is the greatest common divisor of 62213303 and 1849?
1849
Calculate the highest common factor of 13373885 and 175.
35
Calculate the highest common divisor of 8177794 and 1074.
358
Calculate the greatest common divisor of 55 and 5267515.
55
Calculate the highest common divisor of 2089856 and 129456.
464
Calculate the highest common divisor of 141797 and 16777.
19
Calculate the highest common factor of 1158 and 11123748.
1158
Calculate the highest common divisor of 170160504 and 30264.
2328
Calculate the greatest common divisor of 5203800 and 380100.
2100
Calculate the highest common factor of 308 and 4525416.
28
Calculate the highest common divisor of 3233896 and 355216.
1192
Calculate the greatest common divisor of 12 and 3366858.
6
What is the highest common divisor of 633 and 25778503?
211
What is the highest common divisor of 419726335 and 2590?
1295
Calculate the greatest common divisor of 115 and 1909520.
5
What is the highest common divisor of 186 and 26264006?
62
What is the greatest common factor of 15290 and 99524?
278
Calculate the highest common factor of 79 and 1639172659.
79
What is the highest common factor of 245006630 and 22?
22
What is the greatest common factor of 619659744 and 186?
186
Calculate the highest common factor of 886616916 and 2172.
2172
Calculate the greatest common divisor of 1225120285 and 5282.
2641
What is the highest common factor of 2523750 and 25?
25
Calculate the highest common divisor of 431928 and 1623.
3
What is the greatest common factor of 14906 and 328703?
257
Calculate the highest common factor of 8019 and 6913863.
297
Calculate the highest common divisor of 34453566 and 1218.
1218
What is the greatest common divisor of 9130 and 11855?
5
What is the greatest common factor of 8772 and 1919004?
516
Calculate the highest common factor of 471 and 13013259.
471
What is the greatest common factor of 312558093 and 49658?
3547
Calculate the greatest common factor of 218886 and 157384.
382
What is the greatest common factor of 12383 and 50244907?
1769
What is the greatest common divisor of 960 and 81044160?
960
What is the highest common divisor of 1142 and 11156198?
1142
What is the highest common divisor of 10692470 and 2300?
230
Calculate the greatest common factor of 7536861 and 45.
9
Calculate the highest common factor of 141206 and 7202.
26
What is the highest common divisor of 1479 and 616097?
17
What is the highest common factor of 1622145 and 55?
5
What is the highest common divisor of 472149 and 1305?
261
What is the greatest common divisor of 48 and 185499984?
48
Calculate the greatest common divisor of 48446083 and 21.
7
What is the highest common divisor of 76120 and 7093?
173
What is the highest common divisor of 7152 and 755472?
48
What is the greatest common factor of 4616 and 12824402?
1154
What is the highest common divisor of 97 and 592961?
97
Calculate the greatest common divisor of 14600 and 46450.
50
Calculate the greatest common divisor of 4425 and 14603975.
1475
What is the greatest common divisor of 59454 and 14975802?
6606
What is the greatest common factor of 1560 and 1972490?
130
Calculate the highest common divisor of 116 and 4843261.
29
What is the highest common factor of 609097 and 268?
67
Calculate the highest common factor of 11137 and 46103036.
259
Calculate the highest common divisor of 604836 and 14628.
636
Calculate the greatest common divisor of 2673 and 283833.
99
What is the greatest common factor of 207144 and 18420472?
7672
Calculate the highest common divisor of 6100 and 10081775.
1525
Calculate the greatest common divisor of 30256 and 438468.
244
Calculate the greatest co